5
What is -978ef9 (base 16) in base 9?
-20617782
What is 29401 (base 15) in base 12?
6483a
Convert -5234156 (base 7) to base 13.
-190cbb
-235350 (base 10) to base 2
-111001011101010110
11110010101011010001 (base 2) to base 11
619898
-310222120 (base 4) to base 6
-4342344
Convert -80761 (base 13) to base 14.
-5da2a
What is 121003211 (base 4) in base 16?
190e5
What is 1b61403 (base 13) in base 11?
51459a0
What is 251711 (base 14) in base 3?
2101121122220
1524310 (base 8) to base 10
436424
What is -765396 (base 10) in base 2?
-10111010110111010100
Convert -11000101111001111110 (base 2) to base 5.
-201414442
What is -1563d8 (base 14) in base 4?
-2312122022
What is 3564a1 (base 11) in base 13?
16a1ab
Convert 4e60e (base 16) to base 6.
10514142
Convert -1b2c3 (base 15) to base 6.
-1521103
What is 640f1 (base 16) in base 10?
409841
What is -2461134 (base 7) in base 2?
-1001101011110100101
What is 556046 (base 8) in base 5?
21444210
caf9 (base 16) to base 13
1a860
-24868b (base 14) to base 5
-310040223
-5684638 (base 10) to base 11
-3232a53
What is 91e13b (base 16) in base 9?
18881333
Convert -2001012121 (base 4) to base 10.
-528793
What is 1532457 (base 8) in base 3?
211100000110
-3579716 (base 11) to base 14
-b84484
Convert 2657505 (base 8) to base 3.
1101212100011
Convert -33024542 (base 6) to base 16.
-f018e
What is 212210021 (base 4) in base 3?
22000200102
What is 25124444 (base 7) in base 16?
22766c
What is -305259 (base 13) in base 15?
-173636
Convert -1032330330 (base 4) to base 14.
-85bd2
Convert -e024 (base 15) to base 11.
-32586
65275 (base 12) to base 3
20210000222
Convert 12dab0 (base 14) to base 5.
131334232
Convert 10021200202 (base 3) to base 12.
31502
Convert 1520215 (base 6) to base 9.
144002
What is -5be80 (base 15) in base 11?
-190587
453e44 (base 15) to base 8
14465034
Convert -20001101021110 (base 3) to base 14.
-5d9d36
-12421315 (base 6) to base 2
-1100011011011101111
What is -213131103032 (base 4) in base 15?
-d94ba5
What is 4bbde7 (base 15) in base 13?
9a349b
What is -120012012 (base 3) in base 8?
-25503
What is -239b0 (base 13) in base 3?
-10022200101
Convert -1542b0 (base 13) to base 3.
-222120220222
Convert -95a153 (base 13) to base 3.
-20121011012220
What is 40022 (base 15) in base 10?
202532
Convert 1211011110011 (base 3) to base 8.
3542037
Convert 1283322 (base 10) to base 13.
35c181
Convert 221333104 (base 5) to base 8.
3534253
What is 767b3b (base 13) in base 4?
22220211321
101111010000110001000010 (base 2) to base 14
1907162
Convert 3121122020 (base 4) to base 12.
36b408
What is a4483 (base 14) in base 16?
60b03
362461 (base 9) to base 12
a643a
Convert -514ba9 (base 12) to base 16.
-136eb1
838958 (base 14) to base 5
2114113014
Convert 48752 (base 9) to base 4.
13332302
What is 101000010110010 (base 2) in base 8?
50262
Convert 258ac (base 13) to base 9.
115424
1211203131 (base 4) to base 9
703533
What is 1535051 (base 8) in base 7?
3514226
Convert -142bb8 (base 12) to base 5.
-41240311
Convert -90730a1 (base 11) to base 4.
-331032213100
8da06c (base 14) to base 15
655e91
Convert -45448 (base 10) to base 5.
-2423243
What is 11777635 (base 8) in base 11?
15304a8
380a8 (base 12) to base 4
102212000
1100110010010011100000 (base 2) to base 10
3351776
Convert -167485 (base 9) to base 7.
-611654
What is 106227 (base 11) in base 16?
2955c
What is 10132244 (base 5) in base 3?
11020110201
44500532 (base 7) to base 6
214255435
-11636 (base 14) to base 5
-2324014
165da (base 15) to base 9
120037
Convert -34345288 (base 9) to base 16.
-fe8bdd
-6c3 (base 15) to base 7
-4320
20000222120 (base 3) to base 5
12300230
-184902 (base 16) to base 4
-12010210002
What is 76a11 (base 13) in base 12?
a4391
What is 1079766 (base 11) in base 10?
1886946
What is -384106 (base 9) in base 15?
-48de3
-1358732 (base 9) to base 12
-300925
Convert -6208cb (base 15) to base 3.
-22202201121202
Convert 2210101100022 (base 3) to base 5.
334440031
What is -a5379a (base 13) in base 8?
-16572124
424543 (base 6) to base 11
24137
Convert -1773207 (base 8) to base 15.
-a495d
-39123 (base 14) to base 16
-2238b
Convert -284719 (base 10) to base 11.
-184a06
What is -10000010000011100010 (base 2) in base 15?
-a7c8b
What is 8650535 (base 9) in base 15?
61980e
What is 1049551 (base 10) in base 3?
1222022201021
-2403546 (base 7) to base 15
-60059
What is 452704 (base 8) in base 7?
1205101
Convert 211110220112 (base 3) to base 5.
103124221
facda (base 16) to base 14
1ca53c
73106 (base 8) to base 5
1432103
What is 54d09 (base 15) in base 10?
269559
-7991a6 (base 11) to base 16
-13662e
-20ddd3 (base 14) to base 5
-241122203
254a1b (base 13) to base 14
1946c5
2c93ab (base 16) to base 8
13111653
Convert -32934 (base 10) to base 14.
-c006
What is -2551510 (base 6) in base 5?
-13422244
-c272 (base 15) to base 8
-120141
308160 (base 12) to base 16
b9ad8
Convert 233c1b (base 15) to base 7.
20211044
What is 12201002111 (base 3) in base 13?
3c190
What is -10222021121 (base 3) in base 16?
-13180
Convert -14404 (base 6) to base 8.
-4404
21b0a (base 16) to base 8
415412
What is 2bcaa (base 14) in base 5?
12001033
10110100111001011011 (base 2) to base 10
740955
30be5 (base 15) to base 4
211233011
What is 1bbc01 (base 16) in base 10?
1817601
Convert -6074024 (base 8) to base 14.
-2da592
Convert 7a0469 (base 16) to base 9.
16037143
2302734 (base 9) to base 7
13362145
What is 1545482 (base 11) in base 6?
132350145
Convert 23102023 (base 5) to base 10.
206513
What is 196404 (base 12) in base 4?
1230333010
Convert fcba (base 16) to base 3.
10021202020
-271c9e (base 15) to base 16
-1cad35
-31220023 (base 5) to base 8
-766751
Convert -1553111 (base 7) to base 12.
-a435b
-1ab3b (base 12) to base 3
-2000101102
What is 1120323321 (base 4) in base 12?
156989
-222012203 (base 4) to base 3
-22202120002
Convert -169534 (base 10) to base 8.
-513076
What is 1411703 (base 8) in base 13?
10c387
Convert -1224c (base 14) to base 2.
-1010110101001100
What is -120262101 (base 7) in base 3?
-112001001002010
What is -2b5db6 (base 14) in base 2?
-101110001110010011100
Convert -45c2c (base 14) to base 13.
-5c379
Convert -1100020201221 (base 3) to base 8.
-2561434
Convert -22563 (base 13) to base 11.
-42a06
What is 15174 (base 12) in base 15?
8b8d
What is -22021110121 (base 3) in base 7?
-1245643
Convert 16e9d (base 15) to base 9.
122664
10010100110001000011101 (base 2) to base 7
56302122
a60968 (base 12) to base 4
21332031200
-9602b (base 12) to base 2
-110000000110100011
-47486 (base 10) to base 8
-134576
Convert -13576013 (base 9) to base 10.
-6722850
-1780667 (base 11) to base 7
-34433316
-512053 (base 7) to base 10
-87160
Convert -10010101011110010 (base 2) to base 11.
-52553
What is 301345 (base 7) in base 12?
25594
-27737 (base 9) to base 4
-10212022
Convert 1cabb4 (base 14) to base 6.
34013522
Convert -3097b (base 13) to base 8.
-252412
What is -121012110110 (base 3) in base 13?
-b2206
Convert 108524 (base 9) to base 10.
65308
Convert -beb76 (base 15) to base 8.
-2240767
Convert 60266167 (base 8) to base 15.
11a5db0
What is -11111100201002 (base 3) in base 10?
-2388719
Convert 167469 (base 14) to base 5.
200212110
What is -100010000000101001101 (base 2) in base 4?
-10100011031
Convert 21221012101 (base 3) to base 12.
76447
-2001202211201 (base 3) to base 4
-10030000132
ace6d (base 15) to base 13
16345c
-2122212201120 (base 3) to base 10
-1414788
Convert 110321112 (base 4) to base 15.
1a560
Convert -10303200030 (base 4) to base 9.
-2328670
Convert -102374 (base 11) to base 14.
-43b77
-4525112 (base 6) to base 10
-229220
What is -4042aa (base 12) in base 13?
-2914b7
What is 716436 (base 12) in base 13?
4a1348
What is 3c930 (base 15) in base 12?
94639
What is -1100010001000101 (base 2) in base 9?
-75827
Convert -242014222 (base 5) to base 8.
-4227453
What is -10221333333 (base 4) in base 7?
-13242423
-419716 (base 12) to base 8
-3740702
Convert -7389559 (base 11) to base 9.
-26434580
What is -2023441101 (base 5) in base 13?
-b15463
Convert -2b159 (base 14) to base 5.
-11413131
What is -a8741 (base 11) in base 4?
-212203332
Convert -101000110010110111 (base 2) to base 4.
-220302313
-843019 (base 11) to base 6
-44542321
What is -462b5c (base 13) in base 9?
-3114021
What is -323440400 (base 5) in base 13